of 29935179.
3, 139, 23929
List the prime factors of 1408259601.
3, 7, 3407
List the prime factors of 9318518.
2, 11, 467, 907
What are the prime factors of 101385552?
2, 3, 17, 124247
What are the prime factors of 752083978?
2, 17, 37, 67, 8923
What are the prime factors of 37075802?
2, 19, 563, 1733
List the prime factors of 863302078.
2, 277, 1558307
What are the prime factors of 84790217?
19, 4462643
List the prime factors of 622270143.
3, 11, 6285557
What are the prime factors of 474826002?
2, 3, 7, 41, 275741
List the prime factors of 1291174335.
3, 5, 11, 31, 84143
List the prime factors of 1429877274.
2, 3, 7, 313, 108769
List the prime factors of 116864095.
5, 167, 173, 809
What are the prime factors of 203573930?
2, 5, 7, 59351
List the prime factors of 146400267.
3, 13, 23, 163211
What are the prime factors of 261793476?
2, 3, 7, 19, 73, 107
List the prime factors of 817005348.
2, 3, 107, 212099
What are the prime factors of 498281447?
498281447
What are the prime factors of 729208558?
2, 13, 97, 289139
List the prime factors of 2517018622.
2, 103, 12218537
What are the prime factors of 926268892?
2, 231567223
List the prime factors of 2942060487.
3, 31, 131, 241489
What are the prime factors of 3965675995?
5, 47, 197, 85661
What are the prime factors of 56233629?
3, 2082727
List the prime factors of 34532425.
5, 1381297
List the prime factors of 2979365716.
2, 59, 12624431
List the prime factors of 1069025616.
2, 3, 587, 12647
List the prime factors of 46275468.
2, 3, 3856289
List the prime factors of 1443367116.
2, 3, 17, 23, 41, 61
List the prime factors of 4725494.
2, 2362747
List the prime factors of 3961472967.
3, 457, 321053
List the prime factors of 6106425214.
2, 50539, 60413
List the prime factors of 4718310003.
3, 11, 137, 331, 1051
List the prime factors of 2507730651.
3, 92878913
What are the prime factors of 2379669014?
2, 8807, 135101
What are the prime factors of 1412174244?
2, 3, 13, 2657, 3407
What are the prime factors of 784039233?
3, 223, 1171957
List the prime factors of 2052222304.
2, 11, 5830177
What are the prime factors of 54340640?
2, 5, 223, 1523
What are the prime factors of 372992636?
2, 93248159
List the prime factors of 1250620688.
2, 3251, 24043
List the prime factors of 138522364.
2, 3373, 10267
What are the prime factors of 99142451?
99142451
What are the prime factors of 728351390?
2, 5, 13, 5602703
What are the prime factors of 85033488?
2, 3, 1771531
What are the prime factors of 3146429244?
2, 3, 7, 37457491
What are the prime factors of 6456781?
6456781
What are the prime factors of 6441637601?
7, 920233943
List the prime factors of 619126953.
3, 10391, 19861
What are the prime factors of 249468009?
3, 7, 2459, 4831
What are the prime factors of 14632962?
2, 3, 131, 18617
List the prime factors of 198892121.
29, 6858349
What are the prime factors of 3749719?
241, 15559
What are the prime factors of 1505557473?
3, 7, 19, 3773327
What are the prime factors of 123723374?
2, 61861687
List the prime factors of 443757255.
3, 5, 19, 1557043
What are the prime factors of 80904503?
80904503
List the prime factors of 239711250.
2, 3, 5, 97, 659
What are the prime factors of 62520154?
2, 383, 81619
What are the prime factors of 1364575037?
7, 457, 426563
List the prime factors of 229441319.
3797, 60427
What are the prime factors of 411517064?
2, 7, 31, 223, 1063
What are the prime factors of 688124091?
3, 571, 401707
List the prime factors of 1435548626.
2, 717774313
What are the prime factors of 85764686?
2, 7, 227, 26987
List the prime factors of 423004286.
2, 211502143
What are the prime factors of 58347794?
2, 157, 185821
List the prime factors of 123089212.
2, 691, 44533
List the prime factors of 596722970.
2, 5, 59672297
List the prime factors of 2900832.
2, 3, 11, 41, 67
What are the prime factors of 63976797?
3, 17, 911
List the prime factors of 70117811.
70117811
What are the prime factors of 1558804?
2, 13, 31, 967
List the prime factors of 43075064.
2, 5384383
What are the prime factors of 415808147?
61, 6816527
What are the prime factors of 1201709766?
2, 3, 139, 373, 3863
List the prime factors of 7142025564.
2, 3, 191, 1038689
What are the prime factors of 2633448550?
2, 5, 617, 85363
List the prime factors of 697283797.
7, 107, 281, 3313
What are the prime factors of 698431998?
2, 3, 11, 29, 12583
What are the prime factors of 470869672?
2, 7, 13, 17, 38047
What are the prime factors of 33660248?
2, 19, 71, 3119
List the prime factors of 321596786.
2, 7, 17, 1351247
List the prime factors of 411519849.
3, 13, 409, 25799
List the prime factors of 270200914.
2, 1663, 81239
List the prime factors of 2229235618.
2, 1114617809
List the prime factors of 2505179775.
3, 5, 7, 127, 37573
What are the prime factors of 308218897?
7, 2767, 15913
What are the prime factors of 418823631?
3, 19, 641, 3821
List the prime factors of 168548395.
5, 31, 1087409
What are the prime factors of 1961398410?
2, 3, 5, 2399, 27253
List the prime factors of 2367114330.
2, 3, 5, 7, 617, 18269
List the prime factors of 1340615675.
5, 7, 613, 12497
List the prime factors of 265766895.
3, 5, 5905931
List the prime factors of 77704261.
77704261
List the prime factors of 61261754.
2, 30630877
What are the prime factors of 41782440?
2, 3, 5, 7, 49741
What are the prime factors of 46315235?
5, 9263047
List the prime factors of 2328238282.
2, 2237, 520393
List the prime factors of 72986349.
3, 73, 333271
List the prime factors of 983222697.
3, 19, 71, 127, 1913
What are the prime factors of 225467109?
3, 7, 3578843
What are the prime factors of 66113731?
17, 31, 125453
What are the prime factors of 2415312895?
5, 4451, 108529
What are the prime factors of 328692123?
3, 107, 341321
What are the prime factors of 3070959045?
3, 5, 7, 11, 31, 199, 431
What are the prime factors of 73448816?
2, 7, 43, 101, 151
What are the prime factors of 109538394?
2, 3, 7, 29, 139, 647
List the prime factors of 25934882.
2, 47, 61, 4523
What are the prime factors of 191871642?
2, 3, 31978607
What are the prime factors of 168243614?
2, 7, 11, 79, 13829
What are the prime factors of 566647792?
2, 19, 47, 39659
What are the prime factors of 56259341?
17, 53, 3673
List the prime factors of 624994239.
3, 17, 12254789
What are the prime factors of 1721765837?
11, 156524167
What are the prime factors of 46063390?
2, 5, 1933, 2383
List the prime factors of 223329614.
2, 111664807
List the prime factors of 2991090380.
2, 5, 67, 2232157
List the prime factors of 151157389.
151157389
What are the prime factors of 954799611?
3, 17, 53, 353237
What are the prime factors of 1052740613?
23, 37, 1237063
What are the prime factors of 70676380?
2, 5, 3533819
What are the prime factors of 81427543?
81427543
List the prime factors of 6139981194.
2, 3, 1023330199
List the prime factors of 1082219123.
59, 1709, 10733
What are the prime factors of 134381848?
2, 16797731
What are the prime factors of 3034394785?
5, 199, 3049643
List the prime factors of 182453061.
3, 7, 17, 73, 7001
List the prime factors of 39277215.
3, 5, 23, 137, 277
List the prime factors of 693390328.
2, 193, 547, 821
List the prime factors of 12675590.
2, 5, 31, 1319
What are the prime factors of 38587931?
157, 245783
List the prime factors of 3864729222.
2, 3, 709, 302831
List the prime factors of 232973032.
2, 17, 83, 20639
What are the prime factors of 125235032?
2, 13, 1204183
List the prime factors of 1676992712.
2, 47, 151, 29537
List the prime factors of 133814895.
3, 5, 97, 91969
What are the prime factors of 6696831431?
24763, 270437
List the prime factors of 176243392.
2, 13, 19, 11149
List the prime factors of 31657189.
229, 138241
List the prime factors of 2336461125.
3, 5, 29, 181, 1187
What are the prime factors of 3921088167?
3, 193, 2257391
List the prime factors of 274272764.
2, 17, 4033423
List the prime factors of 956719638.
2, 3, 7, 23, 330131
List the prime factors of 1513040584.
2, 11, 61, 89, 3167
What are the prime factors of 57019459?
7, 8145637
List the prime factors of 1801675541.
1801675541
List the prime factors of 757707955.
5, 137, 631, 1753
List the prime factors of 1787263007.
11779, 151733
What are the prime factors of 85416201?
3, 13, 9013
List the prime fa